
2, 5, 17
List the prime factors of 793.
13, 61
What are the prime factors of 8092?
2, 7, 17
What are the prime factors of 103?
103
What are the prime factors of 1104?
2, 3, 23
List the prime factors of 1084.
2, 271
List the prime factors of 128.
2
List the prime factors of 6465.
3, 5, 431
What are the prime factors of 45780?
2, 3, 5, 7, 109
List the prime factors of 27145.
5, 61, 89
List the prime factors of 2821.
7, 13, 31
List the prime factors of 15867.
3, 41, 43
What are the prime factors of 15866?
2, 7933
List the prime factors of 925.
5, 37
List the prime factors of 24859.
24859
List the prime factors of 100731.
3, 33577
What are the prime factors of 43790?
2, 5, 29, 151
List the prime factors of 9500.
2, 5, 19
List the prime factors of 2260.
2, 5, 113
List the prime factors of 4737.
3, 1579
List the prime factors of 5821.
5821
What are the prime factors of 71601?
3, 29, 823
What are the prime factors of 928?
2, 29
List the prime factors of 260.
2, 5, 13
List the prime factors of 3754.
2, 1877
What are the prime factors of 658?
2, 7, 47
What are the prime factors of 34071?
3, 41, 277
What are the prime factors of 8163?
3, 907
List the prime factors of 1092.
2, 3, 7, 13
What are the prime factors of 17702?
2, 53, 167
What are the prime factors of 142666?
2, 71333
List the prime factors of 9516.
2, 3, 13, 61
What are the prime factors of 59?
59
List the prime factors of 31811.
13, 2447
What are the prime factors of 69634?
2, 37, 941
List the prime factors of 44798.
2, 13, 1723
What are the prime factors of 19014?
2, 3, 3169
What are the prime factors of 1331?
11
List the prime factors of 506.
2, 11, 23
What are the prime factors of 2226?
2, 3, 7, 53
List the prime factors of 4165.
5, 7, 17
List the prime factors of 6704.
2, 419
What are the prime factors of 35706?
2, 3, 11, 541
List the prime factors of 19391.
19391
What are the prime factors of 4558?
2, 43, 53
What are the prime factors of 1269?
3, 47
What are the prime factors of 2637?
3, 293
What are the prime factors of 18094?
2, 83, 109
List the prime factors of 1255.
5, 251
What are the prime factors of 61086?
2, 3, 10181
What are the prime factors of 4618?
2, 2309
List the prime factors of 17174.
2, 31, 277
List the prime factors of 1379.
7, 197
List the prime factors of 30239.
11, 2749
What are the prime factors of 92569?
92569
What are the prime factors of 1078?
2, 7, 11
List the prime factors of 11925.
3, 5, 53
What are the prime factors of 13487?
13487
List the prime factors of 24811.
43, 577
What are the prime factors of 8555?
5, 29, 59
What are the prime factors of 1421?
7, 29
What are the prime factors of 8987?
11, 19, 43
List the prime factors of 1256.
2, 157
List the prime factors of 4813.
4813
List the prime factors of 2667.
3, 7, 127
List the prime factors of 15947.
37, 431
List the prime factors of 32805.
3, 5
What are the prime factors of 81457?
81457
List the prime factors of 4364.
2, 1091
List the prime factors of 18446.
2, 23, 401
What are the prime factors of 63402?
2, 3, 10567
What are the prime factors of 110566?
2, 59, 937
What are the prime factors of 32906?
2, 16453
What are the prime factors of 32559?
3, 10853
What are the prime factors of 36584?
2, 17, 269
What are the prime factors of 12919?
12919
List the prime factors of 162364.
2, 40591
List the prime factors of 25517.
17, 19, 79
List the prime factors of 1683.
3, 11, 17
List the prime factors of 2531.
2531
What are the prime factors of 1238?
2, 619
What are the prime factors of 15?
3, 5
What are the prime factors of 542?
2, 271
What are the prime factors of 226?
2, 113
What are the prime factors of 2163?
3, 7, 103
List the prime factors of 9747.
3, 19
What are the prime factors of 7072?
2, 13, 17
What are the prime factors of 4337?
4337
List the prime factors of 1196.
2, 13, 23
List the prime factors of 194.
2, 97
List the prime factors of 554.
2, 277
What are the prime factors of 370?
2, 5, 37
What are the prime factors of 11172?
2, 3, 7, 19
List the prime factors of 9900.
2, 3, 5, 11
What are the prime factors of 17026?
2, 8513
What are the prime factors of 390?
2, 3, 5, 13
List the prime factors of 73734.
2, 3, 12289
What are the prime factors of 33689?
59, 571
List the prime factors of 42613.
43, 991
List the prime factors of 13645.
5, 2729
List the prime factors of 897.
3, 13, 23
List the prime factors of 23746.
2, 31, 383
What are the prime factors of 15626?
2, 13, 601
What are the prime factors of 94234?
2, 7, 53, 127
List the prime factors of 32527.
11, 2957
What are the prime factors of 5682?
2, 3, 947
What are the prime factors of 5806?
2, 2903
What are the prime factors of 12512?
2, 17, 23
List the prime factors of 1840.
2, 5, 23
List the prime factors of 4697.
7, 11, 61
List the prime factors of 7363.
37, 199
What are the prime factors of 1041?
3, 347
List the prime factors of 77801.
77801
What are the prime factors of 55646?
2, 27823
List the prime factors of 697.
17, 41
What are the prime factors of 1184?
2, 37
List the prime factors of 9144.
2, 3, 127
List the prime factors of 16665.
3, 5, 11, 101
What are the prime factors of 14015?
5, 2803
List the prime factors of 809.
809
List the prime factors of 1046.
2, 523
List the prime factors of 645.
3, 5, 43
What are the prime factors of 8755?
5, 17, 103
List the prime factors of 3798.
2, 3, 211
List the prime factors of 3412.
2, 853
What are the prime factors of 1724?
2, 431
List the prime factors of 14531.
11, 1321
List the prime factors of 45619.
7, 19
What are the prime factors of 478?
2, 239
List the prime factors of 41250.
2, 3, 5, 11
List the prime factors of 683.
683
List the prime factors of 889.
7, 127
What are the prime factors of 5647?
5647
What are the prime factors of 154109?
19, 8111
List the prime factors of 25924.
2, 6481
What are the prime factors of 1364?
2, 11, 31
What are the prime factors of 46938?
2, 3, 7823
List the prime factors of 26189.
26189
What are the prime factors of 11085?
3, 5, 739
List the prime factors of 9059.
9059
List the prime factors of 1982.
2, 991
List the prime factors of 2907.
3, 17, 19
What are the prime factors of 20474?
2, 29, 353
List the prime factors of 33776.
2, 2111
What are the prime factors of 2581?
29, 89
List the prime factors of 24292.
2, 6073
What are the prime factors of 3374?
2, 7, 241
List the prime factors of 1481.
1481
List the prime factors of 87646.
2, 13, 3371
What are the prime factors of 30904?
2, 3863
What are the prime factors of 2692?
2, 673
What are the prime factors of 40701?
3, 13567
What are the prime factors of 89070?
2, 3, 5, 2969
List the prime factors of 711.
3, 79
List the prime factors of 5583.
3, 1861
What are the prime factors of 5183?
71, 73
List the prime factors of 24309.
3, 37, 73
List the prime factors of 114139.
157, 727
List the prime factors of 7517.
7517
List the prime factors of 93541.
7, 23, 83
What are the prime factors of 70006?
2, 17, 29, 71
What are the prime factors of 229?
229
What are the prime factors of 6106?
2, 43, 71
What are the prime factors of 38370?
2, 3, 5, 1279
What are the prime factors of 1293?
3, 431
What are the prime factors of 476?
2, 7, 17
List the prime factors of 767.
13, 59
What are the prime factors of 516?
2, 3, 43
What are the prime factors of 2534?
2, 7, 181
List the prime factors of 1852.
2, 463
What are the prime factors of 503?
503
List the prime factors of 4536.
2, 3, 7
List the prime factors of 148305.
3, 5, 9887
List the prime factors of 5751.
3, 71
List the prime factors of 1120.
2, 5, 7
What are the prime factors of 40167?
3, 4463
List the prime factors of 949.
13, 73
List the prime factors of 502.
2, 251
What are the prime factors of 1254?
2, 3, 11, 19
What are the prime factors of 62506?
2, 31253
What are the prime factors of 150693?
3, 50231
What are the prime factors of 21309?
3, 7103
List the prime factors of 2642.
2, 1321
List the prime factors of 269.
269
What are the prime factors of 2018?
2, 1009
List the prime factors of 1228.
2, 307
What are the prime factors of 669?
3, 223
What are the prime factors of 11954?
2, 43, 139
What are the prime factors of 1554?
2, 3, 7, 37
List the prime factors of 34781.
34781
What are the prime factors of 1355?
5, 271
What are the prime factors of 18116?
2, 7, 647
W